{"id":284,"date":"2025-07-10T10:49:48","date_gmt":"2025-07-10T13:49:48","guid":{"rendered":"https:\/\/disautonomia.com.br\/?page_id=284"},"modified":"2025-07-10T10:51:22","modified_gmt":"2025-07-10T13:51:22","slug":"posts-para-pacientes","status":"publish","type":"page","link":"https:\/\/disautonomia.com.br\/?page_id=284","title":{"rendered":"Posts para Pacientes"},"content":{"rendered":"\t\t<div data-elementor-type=\"wp-page\" data-elementor-id=\"284\" class=\"elementor elementor-284\" data-elementor-settings=\"[]\">\r\n\t\t\t\t\t\t\t<div class=\"elementor-section-wrap\">\r\n\t\t\t\t\t\t\t<section class=\"elementor-section elementor-top-section elementor-element elementor-element-47ecf98 elementor-section-boxed elementor-section-height-default elementor-section-height-default\" data-id=\"47ecf98\" data-element_type=\"section\">\r\n\t\t\t\t\t\t<div class=\"elementor-container elementor-column-gap-default\">\r\n\t\t\t\t\t<div class=\"elementor-column elementor-col-100 elementor-top-column elementor-element elementor-element-38e7f47\" data-id=\"38e7f47\" data-element_type=\"column\">\r\n\t\t\t<div class=\"elementor-widget-wrap elementor-element-populated\">\r\n\t\t\t\t\t\t\t\t<div class=\"elementor-element elementor-element-b810bb8 elementor-widget elementor-widget-heading\" data-id=\"b810bb8\" data-element_type=\"widget\" data-widget_type=\"heading.default\">\r\n\t\t\t\t<div class=\"elementor-widget-container\">\r\n\t\t\t<h2 class=\"elementor-heading-title elementor-size-default\">Posts para Pacientes<\/h2>\t\t<\/div>\r\n\t\t\t\t<\/div>\r\n\t\t\t\t<div class=\"elementor-element elementor-element-347815c elementor-grid-3 elementor-grid-tablet-2 elementor-grid-mobile-1 elementor-posts--thumbnail-top elementor-card-shadow-yes elementor-posts__hover-gradient elementor-widget elementor-widget-posts\" data-id=\"347815c\" data-element_type=\"widget\" data-settings=\"{&quot;cards_columns&quot;:&quot;3&quot;,&quot;cards_columns_tablet&quot;:&quot;2&quot;,&quot;cards_columns_mobile&quot;:&quot;1&quot;,&quot;cards_row_gap&quot;:{&quot;unit&quot;:&quot;px&quot;,&quot;size&quot;:35,&quot;sizes&quot;:[]}}\" data-widget_type=\"posts.cards\">\r\n\t\t\t\t<div class=\"elementor-widget-container\">\r\n\t\t\t\t\t<div class=\"elementor-posts-container elementor-posts elementor-posts--skin-cards elementor-grid\">\r\n\t\t\t\t<article class=\"elementor-post elementor-grid-item post-213 post type-post status-publish format-standard has-post-thumbnail hentry category-post-para-pacientes\">\r\n\t\t\t<div class=\"elementor-post__card\">\r\n\t\t\t\t<a class=\"elementor-post__thumbnail__link\" href=\"https:\/\/disautonomia.com.br\/?p=213\" >\r\n\t\t\t<div class=\"elementor-post__thumbnail\"><img loading=\"lazy\" decoding=\"async\" width=\"300\" height=\"200\" src=\"https:\/\/disautonomia.com.br\/wp-content\/uploads\/2025\/05\/ChatGPT-Image-5-de-mai.-de-2025-10_20_21-300x200.png\" class=\"attachment-medium size-medium\" alt=\"\" srcset=\"https:\/\/disautonomia.com.br\/wp-content\/uploads\/2025\/05\/ChatGPT-Image-5-de-mai.-de-2025-10_20_21-300x200.png 300w, https:\/\/disautonomia.com.br\/wp-content\/uploads\/2025\/05\/ChatGPT-Image-5-de-mai.-de-2025-10_20_21-1024x683.png 1024w, https:\/\/disautonomia.com.br\/wp-content\/uploads\/2025\/05\/ChatGPT-Image-5-de-mai.-de-2025-10_20_21-768x512.png 768w, https:\/\/disautonomia.com.br\/wp-content\/uploads\/2025\/05\/ChatGPT-Image-5-de-mai.-de-2025-10_20_21.png 1536w\" sizes=\"auto, (max-width: 300px) 100vw, 300px\" \/><\/div>\r\n\t\t<\/a>\r\n\t\t\t\t<div class=\"elementor-post__text\">\r\n\t\t\t\t<h3 class=\"elementor-post__title\">\r\n\t\t\t<a href=\"https:\/\/disautonomia.com.br\/?p=213\" >\r\n\t\t\t\tDisautonomia em pessoas jovens: o que voc\u00ea precisa saber\t\t\t<\/a>\r\n\t\t<\/h3>\r\n\t\t\t\t\t<a class=\"elementor-post__read-more\" href=\"https:\/\/disautonomia.com.br\/?p=213\" >\r\n\t\t\t\tLeia mais\t\t\t<\/a>\r\n\t\t\t\t<\/div>\r\n\t\t\t\t\t<\/div>\r\n\t\t<\/article>\r\n\t\t\t\t<article class=\"elementor-post elementor-grid-item post-154 post type-post status-publish format-standard has-post-thumbnail hentry category-post-para-pacientes\">\r\n\t\t\t<div class=\"elementor-post__card\">\r\n\t\t\t\t<a class=\"elementor-post__thumbnail__link\" href=\"https:\/\/disautonomia.com.br\/?p=154\" >\r\n\t\t\t<div class=\"elementor-post__thumbnail\"><img loading=\"lazy\" decoding=\"async\" width=\"300\" height=\"200\" src=\"https:\/\/disautonomia.com.br\/wp-content\/uploads\/2025\/04\/ChatGPT-Image-5-de-mai.-de-2025-07_46_23-300x200.png\" class=\"attachment-medium size-medium\" alt=\"\" srcset=\"https:\/\/disautonomia.com.br\/wp-content\/uploads\/2025\/04\/ChatGPT-Image-5-de-mai.-de-2025-07_46_23-300x200.png 300w, https:\/\/disautonomia.com.br\/wp-content\/uploads\/2025\/04\/ChatGPT-Image-5-de-mai.-de-2025-07_46_23.png 1536w\" sizes=\"auto, (max-width: 300px) 100vw, 300px\" \/><\/div>\r\n\t\t<\/a>\r\n\t\t\t\t<div class=\"elementor-post__text\">\r\n\t\t\t\t<h3 class=\"elementor-post__title\">\r\n\t\t\t<a href=\"https:\/\/disautonomia.com.br\/?p=154\" >\r\n\t\t\t\tO que \u00e9 Disautonomia? Entenda a condi\u00e7\u00e3o que afeta o sistema nervoso aut\u00f4nomo\t\t\t<\/a>\r\n\t\t<\/h3>\r\n\t\t\t\t\t<a class=\"elementor-post__read-more\" href=\"https:\/\/disautonomia.com.br\/?p=154\" >\r\n\t\t\t\tLeia mais\t\t\t<\/a>\r\n\t\t\t\t<\/div>\r\n\t\t\t\t\t<\/div>\r\n\t\t<\/article>\r\n\t\t\t\t<article class=\"elementor-post elementor-grid-item post-110 post type-post status-publish format-standard has-post-thumbnail hentry category-post-para-pacientes\">\r\n\t\t\t<div class=\"elementor-post__card\">\r\n\t\t\t\t<a class=\"elementor-post__thumbnail__link\" href=\"https:\/\/disautonomia.com.br\/?p=110\" >\r\n\t\t\t<div class=\"elementor-post__thumbnail\"><img loading=\"lazy\" decoding=\"async\" width=\"300\" height=\"200\" src=\"https:\/\/disautonomia.com.br\/wp-content\/uploads\/2025\/04\/ChatGPT-Image-5-de-mai.-de-2025-07_50_11-300x200.png\" class=\"attachment-medium size-medium\" alt=\"\" srcset=\"https:\/\/disautonomia.com.br\/wp-content\/uploads\/2025\/04\/ChatGPT-Image-5-de-mai.-de-2025-07_50_11-300x200.png 300w, https:\/\/disautonomia.com.br\/wp-content\/uploads\/2025\/04\/ChatGPT-Image-5-de-mai.-de-2025-07_50_11.png 1536w\" sizes=\"auto, (max-width: 300px) 100vw, 300px\" \/><\/div>\r\n\t\t<\/a>\r\n\t\t\t\t<div class=\"elementor-post__text\">\r\n\t\t\t\t<h3 class=\"elementor-post__title\">\r\n\t\t\t<a href=\"https:\/\/disautonomia.com.br\/?p=110\" >\r\n\t\t\t\tDisautonomia: o desafio invis\u00edvel que merece aten\u00e7\u00e3o\t\t\t<\/a>\r\n\t\t<\/h3>\r\n\t\t\t\t\t<a class=\"elementor-post__read-more\" href=\"https:\/\/disautonomia.com.br\/?p=110\" >\r\n\t\t\t\tLeia mais\t\t\t<\/a>\r\n\t\t\t\t<\/div>\r\n\t\t\t\t\t<\/div>\r\n\t\t<\/article>\r\n\t\t\t\t<\/div>\r\n\t\t\t\t<\/div>\r\n\t\t\t\t<\/div>\r\n\t\t\t\t\t<\/div>\r\n\t\t<\/div>\r\n\t\t\t\t\t\t\t<\/div>\r\n\t\t<\/section>\r\n\t\t\t\t\t\t<\/div>\r\n\t\t\t\t\t<\/div>\r\n\t\t","protected":false},"excerpt":{"rendered":"<p>Posts para Pacientes<\/p>\n","protected":false},"author":1,"featured_media":0,"parent":0,"menu_order":0,"comment_status":"closed","ping_status":"closed","template":"","meta":{"_seopress_robots_primary_cat":"","_seopress_titles_title":"","_seopress_titles_desc":"","_seopress_robots_index":"","footnotes":""},"class_list":["post-284","page","type-page","status-publish","hentry"],"_links":{"self":[{"href":"https:\/\/disautonomia.com.br\/index.php?rest_route=\/wp\/v2\/pages\/284","targetHints":{"allow":["GET"]}}],"collection":[{"href":"https:\/\/disautonomia.com.br\/index.php?rest_route=\/wp\/v2\/pages"}],"about":[{"href":"https:\/\/disautonomia.com.br\/index.php?rest_route=\/wp\/v2\/types\/page"}],"author":[{"embeddable":true,"href":"https:\/\/disautonomia.com.br\/index.php?rest_route=\/wp\/v2\/users\/1"}],"replies":[{"embeddable":true,"href":"https:\/\/disautonomia.com.br\/index.php?rest_route=%2Fwp%2Fv2%2Fcomments&post=284"}],"version-history":[{"count":4,"href":"https:\/\/disautonomia.com.br\/index.php?rest_route=\/wp\/v2\/pages\/284\/revisions"}],"predecessor-version":[{"id":290,"href":"https:\/\/disautonomia.com.br\/index.php?rest_route=\/wp\/v2\/pages\/284\/revisions\/290"}],"wp:attachment":[{"href":"https:\/\/disautonomia.com.br\/index.php?rest_route=%2Fwp%2Fv2%2Fmedia&parent=284"}],"curies":[{"name":"wp","href":"https:\/\/api.w.org\/{rel}","templated":true}]}}